{"id":200,"date":"2018-07-10T11:18:34","date_gmt":"2018-07-10T14:18:34","guid":{"rendered":"https:\/\/www.treinocorreto.com\/loja\/?page_id=200"},"modified":"2024-12-20T08:59:19","modified_gmt":"2024-12-20T11:59:19","slug":"produtos","status":"publish","type":"page","link":"https:\/\/www.treinocorreto.com\/loja\/produtos\/","title":{"rendered":"Produtos"},"content":{"rendered":"\t\t<div data-elementor-type=\"wp-page\" data-elementor-id=\"200\" class=\"elementor elementor-200\">\n\t\t\t\t<div class=\"elementor-element elementor-element-472d341f e-flex e-con-boxed e-con e-parent\" data-id=\"472d341f\" data-element_type=\"container\">\n\t\t\t\t\t<div class=\"e-con-inner\">\n\t\t\t\t<div class=\"elementor-element elementor-element-2ef5fc0e elementor-widget elementor-widget-text-editor\" data-id=\"2ef5fc0e\" data-element_type=\"widget\" data-widget_type=\"text-editor.default\">\n\t\t\t\t<div class=\"elementor-widget-container\">\n\t\t\t\t\t\t\t\t\t<div class=\"woocommerce columns-3 \"><ul class=\"product-grid row\">\n<li class=\"col-md-4 col-sm-6 col-xs-6 post-76 product type-product status-publish has-post-thumbnail product_cat-produtos  instock downloadable virtual sold-individually purchasable product-type-simple\">\n    <div class=\"content__product\">\n\t\t<a href=\"https:\/\/www.treinocorreto.com\/loja\/produto\/software-de-composicao-corporal\/\" class=\"woocommerce-LoopProduct-link woocommerce-loop-product__link\">        <div class=\"product_thumb\">\n\t\t\t<img fetchpriority=\"high\" decoding=\"async\" width=\"300\" height=\"300\" src=\"https:\/\/www.treinocorreto.com\/loja\/wp-content\/uploads\/2018\/06\/software_de_composi\u00e7\u00e3o_corporal-300x300.jpg\" class=\"attachment-woocommerce_thumbnail size-woocommerce_thumbnail\" alt=\"Software de Composi\u00e7\u00e3o Corporal\" srcset=\"https:\/\/www.treinocorreto.com\/loja\/wp-content\/uploads\/2018\/06\/software_de_composi\u00e7\u00e3o_corporal-300x300.jpg 300w, https:\/\/www.treinocorreto.com\/loja\/wp-content\/uploads\/2018\/06\/software_de_composi\u00e7\u00e3o_corporal-150x150.jpg 150w, https:\/\/www.treinocorreto.com\/loja\/wp-content\/uploads\/2018\/06\/software_de_composi\u00e7\u00e3o_corporal-768x768.jpg 768w, https:\/\/www.treinocorreto.com\/loja\/wp-content\/uploads\/2018\/06\/software_de_composi\u00e7\u00e3o_corporal-600x600.jpg 600w, https:\/\/www.treinocorreto.com\/loja\/wp-content\/uploads\/2018\/06\/software_de_composi\u00e7\u00e3o_corporal-100x100.jpg 100w, https:\/\/www.treinocorreto.com\/loja\/wp-content\/uploads\/2018\/06\/software_de_composi\u00e7\u00e3o_corporal.jpg 1000w\" sizes=\"(max-width: 300px) 100vw, 300px\" \/>\t\t\t<div class=\"quick-view\" data-prod=\"76\"><a href=\"javascript:;\"><i class=\"fa fa-search fa-fw\"><\/i><\/a><\/div>            <a href=\"https:\/\/www.treinocorreto.com\/loja\/produto\/software-de-composicao-corporal\/\" class=\"link-images-product\"><\/a>\n        <\/div>\n\n\n        <div class=\"product__title\">\n            <a href=\"https:\/\/www.treinocorreto.com\/loja\/produto\/software-de-composicao-corporal\/\" class=\"title\">Software de Composi\u00e7\u00e3o Corporal<\/a>\n            <div class=\"description\">\n\t\t\t\t<p>Software em formato de planilha eletr\u00f4nica (.xls) para an\u00e1lise de Composi\u00e7\u00e3o Corporal, que conta com as seguintes fun\u00e7\u00f5es:<br \/>\n \tComposi\u00e7\u00e3o corporal: c\u00e1lculos de Percentual de Gordura, Massa Muscular, Massa&#8230;<\/p>\n            <\/div>\n\t\t\t\n\t<span class=\"price\"><span class=\"woocommerce-Price-amount amount\"><bdi><span class=\"woocommerce-Price-currencySymbol\">&#82;&#36;<\/span>49,90<\/bdi><\/span><\/span>\n\t\t\t<\/a><a href=\"?add-to-cart=76\" aria-describedby=\"woocommerce_loop_add_to_cart_link_describedby_76\" data-quantity=\"1\" class=\"button product_type_simple add_to_cart_button ajax_add_to_cart\" data-product_id=\"76\" data-product_sku=\"\" aria-label=\"Adicione ao carrinho: &ldquo;Software de Composi\u00e7\u00e3o Corporal&rdquo;\" rel=\"nofollow\" data-success_message=\"\u201cSoftware de Composi\u00e7\u00e3o Corporal\u201d foi adicionado ao seu carrinho\">Adicionar ao carrinho<\/a>\t<span id=\"woocommerce_loop_add_to_cart_link_describedby_76\" class=\"screen-reader-text\">\n\t\t\t<\/span>\n        <\/div>\n    <\/div>\n<\/li>\n<li class=\"col-md-4 col-sm-6 col-xs-6 post-2655 product type-product status-publish has-post-thumbnail product_cat-produtos first instock sale featured downloadable virtual sold-individually purchasable product-type-simple\">\n    <div class=\"content__product\">\n\t\t<a href=\"https:\/\/www.treinocorreto.com\/loja\/produto\/e-book-5-etapas-da-avaliacao-fisica-de-qualidade\/\" class=\"woocommerce-LoopProduct-link woocommerce-loop-product__link\">        <div class=\"product_thumb\">\n\t\t\t\n\t<span class=\"onsale\">Oferta!<\/span>\n\t<img decoding=\"async\" width=\"300\" height=\"300\" src=\"https:\/\/www.treinocorreto.com\/loja\/wp-content\/uploads\/2024\/08\/e-book-3d-1-300x300.png\" class=\"attachment-woocommerce_thumbnail size-woocommerce_thumbnail\" alt=\"e-Book 5 etapas da Avalia\u00e7\u00e3o F\u00edsica de Qualidade\" srcset=\"https:\/\/www.treinocorreto.com\/loja\/wp-content\/uploads\/2024\/08\/e-book-3d-1-300x300.png 300w, https:\/\/www.treinocorreto.com\/loja\/wp-content\/uploads\/2024\/08\/e-book-3d-1-150x150.png 150w, https:\/\/www.treinocorreto.com\/loja\/wp-content\/uploads\/2024\/08\/e-book-3d-1-100x100.png 100w, https:\/\/www.treinocorreto.com\/loja\/wp-content\/uploads\/2024\/08\/e-book-3d-1-32x32.png 32w\" sizes=\"(max-width: 300px) 100vw, 300px\" \/>\t\t\t<div class=\"quick-view\" data-prod=\"2655\"><a href=\"javascript:;\"><i class=\"fa fa-search fa-fw\"><\/i><\/a><\/div>            <a href=\"https:\/\/www.treinocorreto.com\/loja\/produto\/e-book-5-etapas-da-avaliacao-fisica-de-qualidade\/\" class=\"link-images-product\"><\/a>\n        <\/div>\n\n\n        <div class=\"product__title\">\n            <a href=\"https:\/\/www.treinocorreto.com\/loja\/produto\/e-book-5-etapas-da-avaliacao-fisica-de-qualidade\/\" class=\"title\">e-Book 5 etapas da Avalia\u00e7\u00e3o F\u00edsica de Qualidade<\/a>\n            <div class=\"description\">\n\t\t\t\t<p>Voc\u00ea quer ser um bom antropometrista? Fa\u00e7a o que os melhores fazem!<\/p>\n<p>Todo projeto (de qualidade) possui uma coisa em comum: Organiza\u00e7\u00e3o!<\/p>\n<p>Para isso, precisa ter um cronograna de cada fase,&#8230;<\/p>\n            <\/div>\n\t\t\t\n\t<span class=\"price\"><del aria-hidden=\"true\"><span class=\"woocommerce-Price-amount amount\"><bdi><span class=\"woocommerce-Price-currencySymbol\">&#82;&#36;<\/span>19,90<\/bdi><\/span><\/del> <span class=\"screen-reader-text\">O pre\u00e7o original era: &#082;&#036;19,90.<\/span><ins aria-hidden=\"true\"><span class=\"woocommerce-Price-amount amount\"><bdi><span class=\"woocommerce-Price-currencySymbol\">&#82;&#36;<\/span>9,90<\/bdi><\/span><\/ins><span class=\"screen-reader-text\">O pre\u00e7o atual \u00e9: &#082;&#036;9,90.<\/span><\/span>\n\t\t\t<\/a><a href=\"?add-to-cart=2655\" aria-describedby=\"woocommerce_loop_add_to_cart_link_describedby_2655\" data-quantity=\"1\" class=\"button product_type_simple add_to_cart_button ajax_add_to_cart\" data-product_id=\"2655\" data-product_sku=\"\" aria-label=\"Adicione ao carrinho: &ldquo;e-Book 5 etapas da Avalia\u00e7\u00e3o F\u00edsica de Qualidade&rdquo;\" rel=\"nofollow\" data-success_message=\"\u201ce-Book 5 etapas da Avalia\u00e7\u00e3o F\u00edsica de Qualidade\u201d foi adicionado ao seu carrinho\">Adicionar ao carrinho<\/a>\t<span id=\"woocommerce_loop_add_to_cart_link_describedby_2655\" class=\"screen-reader-text\">\n\t\t\t<\/span>\n        <\/div>\n    <\/div>\n<\/li>\n<\/ul>\n<\/div>\t\t\t\t\t\t\t\t<\/div>\n\t\t\t\t<\/div>\n\t\t\t\t\t<\/div>\n\t\t\t\t<\/div>\n\t\t\t\t<\/div>\n\t\t","protected":false},"excerpt":{"rendered":"","protected":false},"author":1,"featured_media":0,"parent":0,"menu_order":0,"comment_status":"closed","ping_status":"closed","template":"","meta":{"_ppp_document_settings_meta":"","footnotes":""},"class_list":["post-200","page","type-page","status-publish","hentry"],"_links":{"self":[{"href":"https:\/\/www.treinocorreto.com\/loja\/wp-json\/wp\/v2\/pages\/200","targetHints":{"allow":["GET"]}}],"collection":[{"href":"https:\/\/www.treinocorreto.com\/loja\/wp-json\/wp\/v2\/pages"}],"about":[{"href":"https:\/\/www.treinocorreto.com\/loja\/wp-json\/wp\/v2\/types\/page"}],"author":[{"embeddable":true,"href":"https:\/\/www.treinocorreto.com\/loja\/wp-json\/wp\/v2\/users\/1"}],"replies":[{"embeddable":true,"href":"https:\/\/www.treinocorreto.com\/loja\/wp-json\/wp\/v2\/comments?post=200"}],"version-history":[{"count":4,"href":"https:\/\/www.treinocorreto.com\/loja\/wp-json\/wp\/v2\/pages\/200\/revisions"}],"predecessor-version":[{"id":2691,"href":"https:\/\/www.treinocorreto.com\/loja\/wp-json\/wp\/v2\/pages\/200\/revisions\/2691"}],"wp:attachment":[{"href":"https:\/\/www.treinocorreto.com\/loja\/wp-json\/wp\/v2\/media?parent=200"}],"curies":[{"name":"wp","href":"https:\/\/api.w.org\/{rel}","templated":true}]}}