{"id":2109,"date":"2020-04-15T00:01:49","date_gmt":"2020-04-15T03:01:49","guid":{"rendered":"https:\/\/www.treinocorreto.com\/loja\/?post_type=product&#038;p=2109"},"modified":"2024-03-05T19:48:58","modified_gmt":"2024-03-05T22:48:58","slug":"renove-em-19-2","status":"publish","type":"product","link":"https:\/\/www.treinocorreto.com\/loja\/produto\/renove-em-19-2\/","title":{"rendered":"Renove em 19 &#8211; 2a edi\u00e7\u00e3o"},"content":{"rendered":"","protected":false},"excerpt":{"rendered":"<p><span style=\"color: #000000;\">Devido ao grande sucesso da <a href=\"https:\/\/www.treinocorreto.com\/loja\/produto\/treino-hiit-renove-em-19\/\">primeira edi\u00e7\u00e3o<\/a> do Renove em 19 (gratuito durante a pandemia do Covid-19), a Treino Correto Assessoria Esportiva decidiu lan\u00e7ar a segunda edi\u00e7\u00e3o do programa, mantendo a ess\u00eancia do programa (treino HIIT, com peso corporal), mas acrescentando novos exerc\u00edcios e trazendo novidades tamb\u00e9m nos modelos de treino (rela\u00e7\u00e3o tempo de esfor\u00e7o\/tempo de descanso).<\/span><\/p>\n<p><span style=\"color: #000000;\">Portanto, apesar de alguns treinos terem a mesma estrutura da primeira edi\u00e7\u00e3o, prepare-se para 19 dias de treino ainda <u>mais intenso<\/u> nesta nova edi\u00e7\u00e3o!<\/span><\/p>\n<h4>**Para fazer em qualquer lugar**<\/h4>\n<p><strong>Mude de vida em 19 dias, se mexendo 19 minutos por dia, por apenas 29 reais.<\/strong><\/p>\n<p><span style=\"color: #ff0000;\">&#8212;&#8211;\u00a0<\/span><span style=\"color: #ff0000;\">Se voc\u00ea n\u00e3o est\u00e1 habituado a praticar exerc\u00edcios, fa\u00e7a a op\u00e7\u00e3o de 3x na semana (descrita no manual).<\/span><\/p>\n<p><span style=\"color: #ff0000;\">Se voc\u00ea tem mais de 50 anos, fa\u00e7a a op\u00e7\u00e3o de 3x na semana (descrita no manual).<\/span><\/p>\n<p><span style=\"color: #ff0000;\">Se voc\u00ea tem mais de 50 anos E n\u00e3o est\u00e1 habituado a praticar exerc\u00edcios ou se tem mais de 60 anos, este programa n\u00e3o \u00e9 indicado para voc\u00ea, infelizmente. Acesse nossos demais <a href=\"https:\/\/www.treinocorreto.com\/loja\/programas\/\">Programas<\/a> para ter acesso a outras possibilidades de treinos em casa (ou academia, como preferir). &#8212;-<\/span><\/p>\n<p>Compromissos de trabalho, metas para serem batidas, cuidado com os filhos e tempo no tr\u00e2nsito s\u00e3o alguns exemplos de como o nosso dia-a-dia est\u00e1 cada vez mais corrido. N\u00e3o por acaso, a falta de tempo \u00e9 o motivo n\u00ba 1 de pessoas pelo qual as pessoas N\u00c3O fazem exerc\u00edcio f\u00edsico <sup><a href=\"https:\/\/www.ativosaude.com\/noticias\/brasileiros-nao-praticam-exercicios-fisicos\/\">1<\/a><\/sup>.<\/p>\n<p>Contudo, o exerc\u00edcio f\u00edsico traz <strong>in\u00fameros benef\u00edcios<\/strong>, como:<\/p>\n<p>Preven\u00e7\u00e3o de doen\u00e7as <sup><a href=\"https:\/\/www.minhavida.com.br\/fitness\/materias\/13050-a-pratica-de-exercicios-diminui-o-risco-de-doencas\">2<\/a><\/sup>;<\/p>\n<p>Melhora do sistema imunol\u00f3gico <sup><a href=\"https:\/\/www.health.harvard.edu\/staying-healthy\/how-to-boost-your-immune-system\">3<\/a><\/sup>;<\/p>\n<p>Melhora da qualidade de vida <sup><a href=\"http:\/\/rbafs.org.br\/RBAFS\/article\/view\/875\">4<\/a><\/sup>;<\/p>\n<p>Aumento da capacidade de aprendizado <sup><a href=\"https:\/\/www.health.harvard.edu\/blog\/regular-exercise-changes-brain-improve-memory-thinking-skills-201404097110\">5<\/a><\/sup>;<\/p>\n<p>Aumento da aten\u00e7\u00e3o <sup><a href=\"http:\/\/www.karenpostal.com\/exercise-think-better\/\">6<\/a><\/sup>;<\/p>\n<p>Redu\u00e7\u00e3o do estresse <sup><a href=\"https:\/\/adaa.org\/understanding-anxiety\/related-illnesses\/other-related-conditions\/stress\/physical-activity-reduces-st\">7<\/a><\/sup>;<\/p>\n<p>Redu\u00e7\u00e3o de chances de desenvolver c\u00e2ncer de mama <sup><a href=\"https:\/\/www.ncbi.nlm.nih.gov\/pubmed\/23274845\">8<\/a><\/sup>;<\/p>\n<p>Redu\u00e7\u00e3o dos sintomas de depress\u00e3o <sup><a href=\"https:\/\/www.ncbi.nlm.nih.gov\/pubmed\/26978184\">9<\/a><\/sup>;<\/p>\n<p>Redu\u00e7\u00e3o da ansiedade <sup><a href=\"https:\/\/www.ncbi.nlm.nih.gov\/pubmed\/18723899\">10<\/a><\/sup>;<\/p>\n<p>Aumento da produ\u00e7\u00e3o de testosterona <sup><a href=\"https:\/\/www.ncbi.nlm.nih.gov\/pubmed\/28794164\">11<\/a><\/sup>;<\/p>\n<p>Isso sem falar do emagrecimento, do aumento da massa muscular e da melhora do condicionamento f\u00edsico, que s\u00e3o benef\u00edcios que todo mundo conhece.<\/p>\n<p>&nbsp;<\/p>\n<p><strong>Por\u00e9m, como encaixar o exerc\u00edcio dentro da nossa rotina?<\/strong><\/p>\n<p>A resposta \u00e9 simples! Basta reduzirmos o tempo de pr\u00e1tica do exerc\u00edcio. H\u00e1 uma s\u00e9rie de estudos que j\u00e1 comprovam que o exerc\u00edcio traz benef\u00edcios mesmo quando realizado por pouco tempo <sup><a href=\"https:\/\/www.ncbi.nlm.nih.gov\/pubmed\/30450794\">12<\/a><\/sup><sup>, <a href=\"https:\/\/www.ncbi.nlm.nih.gov\/pubmed\/30487731\">13<\/a>, <a href=\"https:\/\/www.ncbi.nlm.nih.gov\/pubmed\/30376749\">14<\/a>, <a href=\"https:\/\/www.ncbi.nlm.nih.gov\/pubmed\/29949110\">15<\/a>, <a href=\"https:\/\/www.ncbi.nlm.nih.gov\/pubmed\/27172268\">16<\/a>, <a href=\"https:\/\/www.ncbi.nlm.nih.gov\/pubmed\/30450794\">17<\/a>, <a href=\"https:\/\/www.ncbi.nlm.nih.gov\/pubmed\/30100881\">18<\/a>, <a href=\"https:\/\/youtu.be\/DC1L3BSjlNw\">19<\/a>, <\/sup>. Mas aqui v\u00eam dois detalhes importantes:<\/p>\n<p>Ele precisa ser intenso (cansativo mesmo!) e frequente (pelo menos 4x por semana).<\/p>\n<p>Pensando nestas necessidades, a Treino Correto Assessoria Esportiva bolou o programa perfeito! O <strong>Renove em 19<\/strong>!<\/p>\n<p>Em apenas 19 minutos por dia (incluindo aquecimento), voc\u00ea j\u00e1 pode ter todos os benef\u00edcios do exerc\u00edcio. E pode fazer isso em qualquer lugar! Em casa, na praia, viajando, na rua, pois voc\u00ea precisa apenas do seu corpo.<\/p>\n<p>O Renove em 19 utiliza uma metodologia mista, baseada no que existe de mais avan\u00e7ado sobre HIIT, calistenia, periodiza\u00e7\u00e3o e organiza\u00e7\u00e3o de treino.<\/p>\n<ul>\n<li><u>HIIT &#8211; Treino Intervalado de Alta Intensidade (em ingl\u00eas):<\/u> M\u00e9todo de treinamento que utiliza est\u00edmulos de curta dura\u00e7\u00e3o e alta intensidade, intercalados por intervalos de recupera\u00e7\u00e3o;<\/li>\n<li><u>Calistenia:<\/u> M\u00e9todo de treinamento que utiliza exerc\u00edcios realizados somente com o peso corporal;<\/li>\n<li><u>Periodiza\u00e7\u00e3o:<\/u> Estrat\u00e9gia que consiste em organizar diversas sess\u00f5es de treino em per\u00edodos com objetivos espec\u00edficos, visando maximizar os resultados;<\/li>\n<li><u>Organiza\u00e7\u00e3o de treino:<\/u> Capacidade de escolher, ordenar e organizar os exerc\u00edcios dentro da sess\u00e3o de treino e das sess\u00f5es de treino semanais.<\/li>\n<\/ul>\n<p><strong>E d\u00e1 resultado?<\/strong><\/p>\n<p>Claro que sim! O Renove em 19 \u00e9 feito para dar resultado! E n\u00f3s <strong>garantimos<\/strong> isso!<\/p>\n<p>Temos tanta certeza do resultado do programa que reembolsaremos o valor integral do seu investimento se voc\u00ea n\u00e3o estiver satisfeito (a)!<\/p>\n<p><strong>Quem deve fazer?<\/strong><\/p>\n<p>O programa Renove em 19 foi desenvolvido para pessoas que n\u00e3o possuem muito tempo para se exercitar, mas que t\u00eam o objetivo de melhorar seu condicionamento f\u00edsico, emagrecer e desenvolver massa muscular.<\/p>\n<p><strong>Quem N\u00c3O deve fazer?<\/strong><\/p>\n<p>Pessoas COM qualquer quadro de complica\u00e7\u00e3o de sa\u00fade (hipertens\u00e3o, cardiopatia, etc.) E SEM libera\u00e7\u00e3o m\u00e9dica (pessoas com atestado podem realizar sem problema algum).<\/p>\n<p><strong>Ao comprar o programa, voc\u00ea ter\u00e1 acesso a:<\/strong><\/p>\n<p>&#8211; Um manual com instru\u00e7\u00f5es detalhadas sobre como realizar o programa de maneira eficiente, segura e correta, que inclui:<\/p>\n<ul>\n<li>Um guia de sess\u00f5es de treino, com a descri\u00e7\u00e3o do treino de cada dia;<\/li>\n<li>Imagens ilustrativas de todos os exerc\u00edcios que devem ser realizados;<\/li>\n<li>Informa\u00e7\u00f5es b\u00e1sicas sobre os benef\u00edcios do exerc\u00edcio f\u00edsico;<\/li>\n<\/ul>\n<p>&#8211; V\u00eddeos de cada um dos treinos, com sinais sonoros, e diferentes para cada sess\u00e3o de treino, facilitando o acompanhamento e a troca dos exerc\u00edcios durante as sess\u00f5es de treino.<\/p>\n","protected":false},"featured_media":2110,"template":"","meta":{"_ppp_document_settings_meta":""},"product_brand":[],"product_cat":[22],"product_tag":[61,60,55,66,68,64,63,62,56,59,57,67,69,65,58],"class_list":{"0":"post-2109","1":"product","2":"type-product","3":"status-publish","4":"has-post-thumbnail","6":"product_cat-programas","7":"product_tag-emagrecer-facil","8":"product_tag-emagrecer-sem-dieta","9":"product_tag-hiit","10":"product_tag-perder-barriga","11":"product_tag-perder-peso","12":"product_tag-treinamento-de-alta-intensidade","13":"product_tag-treinamento-hiit","14":"product_tag-treinamento-para-emagrecer","15":"product_tag-treino-hiit","16":"product_tag-treino-para-definir","17":"product_tag-treino-para-emagrecer","18":"product_tag-treino-para-perder-barriga","19":"product_tag-treino-para-perder-peso","20":"product_tag-treino-para-rasgar","21":"product_tag-treino-para-secar","23":"first","24":"instock","25":"downloadable","26":"virtual","27":"sold-individually","28":"purchasable","29":"product-type-simple"},"_links":{"self":[{"href":"https:\/\/www.treinocorreto.com\/loja\/wp-json\/wp\/v2\/product\/2109","targetHints":{"allow":["GET"]}}],"collection":[{"href":"https:\/\/www.treinocorreto.com\/loja\/wp-json\/wp\/v2\/product"}],"about":[{"href":"https:\/\/www.treinocorreto.com\/loja\/wp-json\/wp\/v2\/types\/product"}],"wp:featuredmedia":[{"embeddable":true,"href":"https:\/\/www.treinocorreto.com\/loja\/wp-json\/wp\/v2\/media\/2110"}],"wp:attachment":[{"href":"https:\/\/www.treinocorreto.com\/loja\/wp-json\/wp\/v2\/media?parent=2109"}],"wp:term":[{"taxonomy":"product_brand","embeddable":true,"href":"https:\/\/www.treinocorreto.com\/loja\/wp-json\/wp\/v2\/product_brand?post=2109"},{"taxonomy":"product_cat","embeddable":true,"href":"https:\/\/www.treinocorreto.com\/loja\/wp-json\/wp\/v2\/product_cat?post=2109"},{"taxonomy":"product_tag","embeddable":true,"href":"https:\/\/www.treinocorreto.com\/loja\/wp-json\/wp\/v2\/product_tag?post=2109"}],"curies":[{"name":"wp","href":"https:\/\/api.w.org\/{rel}","templated":true}]}}