{"id":76,"date":"2018-06-11T22:01:47","date_gmt":"2018-06-12T01:01:47","guid":{"rendered":"https:\/\/www.treinocorreto.com\/loja\/?post_type=product&#038;p=76"},"modified":"2019-03-14T16:23:14","modified_gmt":"2019-03-14T19:23:14","slug":"software-de-composicao-corporal","status":"publish","type":"product","link":"https:\/\/www.treinocorreto.com\/loja\/produto\/software-de-composicao-corporal\/","title":{"rendered":"Software de Composi\u00e7\u00e3o Corporal"},"content":{"rendered":"","protected":false},"excerpt":{"rendered":"<ul>\n<li>Software em formato de planilha eletr\u00f4nica (.xls) para an\u00e1lise de Composi\u00e7\u00e3o Corporal, que conta com as seguintes fun\u00e7\u00f5es:<\/li>\n<li>Composi\u00e7\u00e3o corporal: c\u00e1lculos de Percentual de Gordura, Massa Muscular, Massa \u00f3ssea, Massa Muscular e Massa Residual;<\/li>\n<li>Indicadores antropom\u00e9tricos: \u00cdndice de Massa Corporal, \u00cdndice M\u00fasculo-\u00d3sseo, Raz\u00e3o Cintura-Quadril, Raz\u00e3o Cintura-Estatura, \u00cdndice de Conicidade, \u00c1rea muscular do bra\u00e7o;<\/li>\n<li>Apresenta\u00e7\u00e3o de metas para Percentual de Gordura e para \u00cdndice M\u00fasculo-\u00d3sseo;<\/li>\n<li>Apresenta\u00e7\u00e3o dos dados em relat\u00f3rios com gr\u00e1ficos em visual limpo e agrad\u00e1vel;<\/li>\n<li>Relat\u00f3rios personaliz\u00e1veis, para colocar sua logomarca e nome;<\/li>\n<li>Relat\u00f3rios para compara\u00e7\u00e3o entre duas, tr\u00eas e quatro avalia\u00e7\u00f5es.<\/li>\n<\/ul>\n<p>O download estar\u00e1 dispon\u00edvel por 15 dias.<\/p>\n","protected":false},"featured_media":166,"template":"","meta":{"_ppp_document_settings_meta":""},"product_brand":[],"product_cat":[21],"product_tag":[],"class_list":{"0":"post-76","1":"product","2":"type-product","3":"status-publish","4":"has-post-thumbnail","6":"product_cat-produtos","8":"first","9":"instock","10":"downloadable","11":"virtual","12":"sold-individually","13":"purchasable","14":"product-type-simple"},"_links":{"self":[{"href":"https:\/\/www.treinocorreto.com\/loja\/wp-json\/wp\/v2\/product\/76","targetHints":{"allow":["GET"]}}],"collection":[{"href":"https:\/\/www.treinocorreto.com\/loja\/wp-json\/wp\/v2\/product"}],"about":[{"href":"https:\/\/www.treinocorreto.com\/loja\/wp-json\/wp\/v2\/types\/product"}],"wp:featuredmedia":[{"embeddable":true,"href":"https:\/\/www.treinocorreto.com\/loja\/wp-json\/wp\/v2\/media\/166"}],"wp:attachment":[{"href":"https:\/\/www.treinocorreto.com\/loja\/wp-json\/wp\/v2\/media?parent=76"}],"wp:term":[{"taxonomy":"product_brand","embeddable":true,"href":"https:\/\/www.treinocorreto.com\/loja\/wp-json\/wp\/v2\/product_brand?post=76"},{"taxonomy":"product_cat","embeddable":true,"href":"https:\/\/www.treinocorreto.com\/loja\/wp-json\/wp\/v2\/product_cat?post=76"},{"taxonomy":"product_tag","embeddable":true,"href":"https:\/\/www.treinocorreto.com\/loja\/wp-json\/wp\/v2\/product_tag?post=76"}],"curies":[{"name":"wp","href":"https:\/\/api.w.org\/{rel}","templated":true}]}}